736*f**2 + 19031*f + 855. What is v(7)?
8
Let p(i) = -608*i**3 - 381*i - 379. Give p(-1).
610
Let h(i) = -184*i - 31389. Calculate h(-172).
259
Let y(t) = t**3 - 215*t**2 - 1134*t + 56493. Give y(219).
-9
Let b(g) = 5272*g + 295236. Give b(-56).
4
Let s(f) = -2*f**2 + 66*f + 15565. Determine s(106).
89
Let r(p) = -10*p**2 - 2928*p - 11547. Determine r(-4).
5
Let a(z) = 3*z**2 - 180*z - 7738. Calculate a(86).
-1030
Let z(n) = 3*n**2 - 84832*n - 1867765. What is z(-22)?
-9
Let p(s) = 5042*s - 120741. What is p(24)?
267
Let p(b) = -2*b**3 + 13*b**2 + 12*b - 248. What is p(8)?
-344
Let t(x) = 73*x**2 - 4092*x + 114. Determine t(56).
-110
Let q(o) = -34*o - 6776. Give q(-167).
-1098
Let w(m) = 7*m**3 - 145*m**2 - 44*m + 468. Calculate w(21).
426
Let s(w) = -16*w**3 + 4320*w**2 - 13*w + 3361. Determine s(270).
-149
Let f(p) = 4*p**2 - 678*p + 6709. Calculate f(10).
329
Let j(z) = -164*z**2 - 18941*z - 27939. Give j(-114).
-9
Let d(y) = y**3 - 16*y**2 - 895*y + 15413. What is d(18)?
-49
Let j(q) = -q**2 + 703*q + 206529. Give j(-223).
31
Let x(j) = -j**3 + 138*j**2 + 41*j + 33483. Give x(140).
23
Let t(l) = 845*l - 1754. What is t(6)?
3316
Let i(v) = v**3 + 73*v**2 + 71*v + 919. Give i(-72).
991
Let b(f) = 59*f - 7750. Determine b(115).
-965
Let p(o) = o**2 - 80*o - 6470. Determine p(128).
-326
Let v(q) = 4672*q + 42034. Give v(-9).
-14
Let k(r) = 165*r**3 + 1318*r**2 + 171*r + 1478. Determine k(-8).
-18
Let l(x) = x**3 + 77*x**2 - 36*x - 9060. Give l(-76).
-548
Let d(g) = 3*g**2 - 555*g - 15680. Calculate d(210).
70
Let c(n) = 3*n**3 + 247*n**2 + 588*n + 2237. Give c(-80).
-3
Let n(f) = -3*f**3 + 5*f**2 + 349*f + 1693. Calculate n(-5).
448
Let f(t) = t**3 + 33*t**2 - 46*t + 292. What is f(-35)?
-548
Let y(d) = -2880*d + 83544. Calculate y(29).
24
Let c(u) = -148*u + 1698. What is c(29)?
-2594
Let c(u) = -16*u**3 - 623*u**2 - 2712*u - 13. What is c(-5)?
-28
Let c(h) = -73*h + 243. Calculate c(21).
-1290
Let q(v) = v**2 + 18*v - 290. Give q(14).
158
Let u(m) = 5*m**3 - 119*m**2 - 26*m - 61. What is u(24)?
-109
Let f(o) = -o**3 - 445*o**2 + 3609*o - 32. Determine f(8).
-152
Let z(b) = -88*b**2 + 517*b + 27951. Calculate z(21).
0
Let i(h) = -193*h + 878. Calculate i(5).
-87
Let i(u) = u**3 - 29*u**2 - 166*u + 1909. Give i(32).
-331
Let r(o) = -6*o**3 + 236*o**2 - 83*o + 141. Calculate r(39).
-54
Let t(j) = 82*j**2 + 720*j + 10. Calculate t(-8).
-502
Let k(c) = 169*c - 19932. Calculate k(120).
348
Let a(k) = k**3 - 9*k**2 + 268*k - 2025. Give a(8).
55
Let h(t) = -2*t**2 + 1151*t + 66422. Determine h(-53).
-199
Let n(o) = o**3 + 10*o**2 + 102*o + 1243. Calculate n(-11).
0
Let b(q) = -3*q**3 - 215*q**2 - 149*q - 138. Give b(-71).
359
Let x(d) = 4*d**3 - 145*d**2 - 198*d + 3353. Calculate x(37).
134
Let h(z) = z**2 - 125*z + 3050. Calculate h(87).
-256
Let q(c) = 3*c**2 + 81*c - 789. Give q(-37).
321
Let s(j) = -2*j**2 - 80686*j - 1048586. Determine s(-13).
-6
Let o(i) = -i**3 - 148*i**2 - 5183*i + 442. Give o(-91).
78
Let d(k) = -k**3 - 2065*k**2 - 571143*k + 328. Give d(-329).
-1
Let t(o) = 401*o - 9897. What is t(25)?
128
Let t(z) = 3*z**2 + 722*z + 35848. Determine t(-70).
8
Let p(c) = -c**3 - 9*c**2 - 183*c + 415. Determine p(2).
5
Let i(d) = -20*d**3 + d**2 - 27*d - 51. Give i(-2).
167
Let l(q) = 3*q**3 - 5*q**2 - 5*q - 37. Calculate l(2).
-43
Let u(q) = -q**3 - 417*q**2 - 6432*q - 6227. What is u(-401)?
189
Let m(d) = 8390*d - 167798. What is m(20)?
2
Let w(x) = 19*x**3 + 130*x**2 + 268*x + 193. Determine w(-4).
-15
Let x(b) = -b**3 + 104*b**2 + 174*b - 298. Calculate x(106).
-4326
Let q(u) = -12*u**2 - 117*u + 69. Give q(-11).
-96
Let l(a) = -3*a**2 - 32*a + 1285. Calculate l(22).
-871
Let s(m) = -7*m**3 - 53*m**2 - 29*m - 81. Calculate s(-6).
-303
Let y(k) = 19*k**3 - 815*k**2 + 1629*k. Give y(2).
150
Let p(z) = 22494*z - 382409. What is p(17)?
-11
Let u(l) = l**2 + 40080*l - 882247. Give u(22).
-3
Let s(m) = 269*m + 9477. Give s(-32).
869
Let f(d) = -20*d**2 + 42*d - 37. Give f(1).
-15
Let n(x) = x**3 + x**2 - 98*x - 69. Calculate n(-7).
323
Let o(n) = -n**3 + 14*n**2 + 195*n - 1345. Determine o(19).
555
Let a(u) = u**3 - 215*u**2 - 34465*u - 1178. Determine a(-107).
-1
Let w(q) = -3*q**2 + 2980*q + 445652. Determine w(-132).
20
Let g(h) = 15*h**3 + 80*h**2 + 106*h - 19. Calculate g(-6).
-1015
Let g(z) = -85690*z - 428546. Give g(-5).
-96
Let a(v) = v**2 + 135*v - 36045. Calculate a(134).
1
Let r(u) = 18*u**2 + 768*u + 141. Determine r(-41).
-1089
Let s(z) = 5*z**2 - 146*z - 1005. Calculate s(-14).
2019
Let h(g) = 49127*g + 196410. What is h(-4)?
-98
Let k(j) = j**2 + 404*j + 40037. Give k(-173).
74
Let h(c) = c**3 + 473*c**2 + 14526*c + 2786. Determine h(-440).
146
Let i(l) = -l**3 + 133*l**2 - 498*l - 2319. Calculate i(129).
3
Let f(g) = 73*g**2 - 8406*g - 7274. What is f(116)?
-82
Let a(b) = -b**3 - 563*b**2 + 898*b - 131057. What is a(-565)?
23
Let s(w) = -8*w**2 - 294*w + 34698. Calculate s(50).
-2
Let n(m) = -6*m**2 - 23*m + 31. Give n(8).
-537
Let p(u) = -235*u + 2652. What is p(10)?
302
Let w(n) = -23726*n - 118961. Give w(-5).
-331
Let v(y) = -y**3 + 18*y**2 - 381*y + 2692. Give v(9).
-8
Let g(m) = m**2 - 38932*m + 2681557. Calculate g(69).
10
Let m(p) = 1239*p - 7250. What is m(6)?
184
Let l(z) = 2140*z**2 + 76*z - 40. Give l(1).
2176
Let h(m) = -22*m**3 - 353*m**2 - 21*m - 36. Give h(-16).
44
Let i(v) = 41392*v + 165421. Calculate i(-4).
-147
Let j(c) = c**3 - 43*c**2 + 7749*c - 342892. What is j(44)?
0
Let h(b) = -b**2 + 5239*b - 47074. Give h(9).
-4
Let y(h) = -2*h**2 - 23*h + 5923. Determine y(-61).
-116
Let f(y) = 6910*y - 23200. What is f(3)?
-2470
Let x(f) = -31*f**2 - 1744*f + 3619. Give x(2).
7
Let n(l) = l**3 + 15*l**2 - 16*l - 619. Calculate n(-12).
5
Let j(u) = 1331*u + 106493. Calculate j(-80).
13
Let c(d) = -d**3 + 2*d**2 - 372*d - 2970. What is c(-7)?
75
Let i(d) = 3844*d + 107630. Calculate i(-28).
-2
Let z(i) = -4*i**3 - 220*i**2 + 4482*i - 4409. What is z(-71)?
-7
Let u(f) = -25*f**2 + 652*f + 626. Give u(27).
5
Let s(f) = -95*f**2 + 32327*f - 9249. Give s(340).
-69
Let y(a) = a**3 + 125*a**2 - 642*a - 16261. Give y(-129).
-7
Let n(p) = p**3 + 63*p**2 + 121*p - 1305. Determine n(-59).
5480
Let j(r) = 3*r**2 - 21*r - 104. What is j(-24)?
2128
Let g(n) = -21*n**2 + 2148*n - 23154. What is g(90)?
66
Let r(p) = 2*p**2 - 168*p + 2816. Give r(36).
-640
Let t(i) = 2*i**2 + 7705*i - 21478137. Calculate t(1875).
-12
Let l(p) = p**3 + 97*p**2 - 3290*p + 7192. Calculate l(-124).
0
Let n(m) = -37*m**2 + 360*m - 827. Calculate n(6).
1
Let l(d) = -59902*d + 12339818. What is l(206)?
6
Let t(o) = 5*o**2 + 734*o + 2119. Determine t(-144).
103
Let r(o) = 106*o**2 + 270*o - 234. Give r(-9).
5922
Let t(y) = -39884*y + 2233478. Calculate t(56).
-26
Let n(r) = r**3 - 6*r**2 - 239*r + 2124. What is n(9)?
216
Let c(p) = p**3 + 19*p**2 - 15*p - 214. Determine c(-19).
71
Let r(y) = 121*y**2 + 2008*y + 1884. Calculate r(-1).
-3
Let g(a) = -a**3 - 12*a**2 - 1702*a - 13389. Calculate g(-8).
-29
Let t(x) = -2*x**2 - 47*x + 4287. Determine t(36).
3
Let s(r) = 56*r**3 - 6*r**2 - 759*r + 761. What is s(1)?
52
Let q(j) = -15*j**2 + 1431*j - 12574. Give q(10).
236
Let i(n) = n**3 - 28*n**2 + 197*n + 7. What is i(12)?
67
Let f(m) = 68*m**3 + 18*m**2 + 116*m + 242. Give f(-3).
-1780
Let n(x) = -16280*x - 2604824. What is n(-160)?
-24
Let p(i) = 55*i**2 + 681*i + 8. Calculate p(-13).
450
Let q(f) = -f**3 + 56*f**2 + 804*f + 187. Give q(68).
-629
Let x(h) = 3*h - 1144. What is x(-30)?
-1234
Let b(j) = -648937*j + 3893618. Give b(6).
-4
Let u(b) = b**2 - 13038*b - 117424. Determine u(-9).
-1
Let o(y) = -29*y**3 - 38*y**2 + 187*y - 148. Determine o(1).
-28
Let g(z) = -129148*z + 2195511. Determine g(17).
-5
Let d(l) = 20*l**2 + 6260*l + 6255. Determine d(-1).
15
Let i(t) = 115*t**2 + 868*t - 403. Determine i(-8).
13
Let h(f) = 10496*f - 314919. Calculate h(30).
-39
Let g(f) = 42*f**3 + 3901*f**2 - 4418*f + 19. What is g(-94)?
19
Let t(h) = -10*h**2 - 1048*h + 8589. Calculate t(8).
-435
Let v(k) = 6660*k + 139925. Calculate v(-21).
65
Let x(d) = d**2 - 543*d + 35877. Calculate x(77).
-5
Let w(d) = d**3 - 50*d**2 + 358*d + 1984. Give w(40).
304
Let p(m) = 4*m**3 + 127*m**2 + 225*m - 363. Give p(-3).
-3
Let z(b) = -b**2 + 883*b + 652409. Calculate z(-479).
